ed by m?
14
Let x = -570 - -613. What is the remainder when 297 is divided by x?
39
Calculate the remainder when 93 is divided by 2/(11/(1221/6)).
19
Suppose 8*d - 1 + 49 = 0. Let m(i) = -4*i + 2. What is the remainder when m(d) is divided by 14?
12
Suppose 930 = 7*x - 435. Calculate the remainder when x is divided by 33.
30
Let a = 18 + -6. Suppose 0 = g + 5*j - 7, 3*g - 4*j - 21 = -j. Suppose g*w = a*w - 90. What is the remainder when 33 is divided by w?
15
Let k(q) = q - 1. Let i(o) be the second derivative of o**4/12 - 4*o**3/3 + 2*o**2 - o. Let c be i(8). Calculate the remainder when 6 is divided by k(c).
0
Let i(n) = n - 5. Let y = -21 - -34. What is the remainder when (21/2)/((-2)/(-4)) is divided by i(y)?
5
Suppose -11*q = -129 - 542. What is the remainder when q is divided by 20?
1
Let f(h) = h + 85. Let x be f(0). Suppose -3*q - 7 = -x. Let t = 32 + -25. What is the remainder when q is divided by t?
5
Let f(i) = -i**3 + 20*i**2 - 59*i - 30. Calculate the remainder when f(14) is divided by 27.
23
Suppose 4*u = 3*q + 623, -2*q = 5*u - 790 - 6. What is the remainder when u is divided by 41?
35
Suppose -2*d - 26 = 13*l - 11*l, d - 2 = 2*l. Let n = 20 - 37. Let t = d - n. Calculate the remainder when t is divided by 6.
3
Let y = 1 + 2. Calculate the remainder when 2*3*(891/(-22))/(-27) is divided by y.
0
Suppose 2*a = -2*a. Suppose a = -2*u + 7*u. Suppose -3*p + 2*p + 87 = u. Calculate the remainder when p is divided by 30.
27
Suppose -18*z = -28*z + 110. Calculate the remainder when 84 is divided by z.
7
Suppose 5*s - 115 = 3*n, 5 - 150 = -5*s - 3*n. Calculate the remainder when 150 is divided by s.
20
Suppose -8 - 42 = -10*t. Let n = t - 1. What is the remainder when 12 is divided by n?
0
Suppose 3*x - t + 10 = t, 3*t - 15 = 3*x. What is the remainder when 31 is divided by (x + 2)*9/(18/16)?
15
Let s = 175 + -255. Let f = -22 - s. What is the remainder when f is divided by 16?
10
Let a(m) = -8*m - 1. Let n be a(-1). Let u(o) = -o**2 + 10*o - 10. What is the remainder when 30 is divided by u(n)?
8
Let b(f) = 4 + 6 + 8*f - 5. Let n be b(8). Suppose 4*k + q - n = 0, 3*k + 4*q + 3 = 71. Calculate the remainder when 29 is divided by k.
13
Let d = -1054 + 1266. Calculate the remainder when 645 is divided by d.
9
Suppose 2*j - 3*f = 573, j + 8*f = 6*f + 304. What is the remainder when (-12)/15 - j/(-30) is divided by 2?
1
Let s = 11 + 13. Let b = 26 - -47. Let q = b + -4. What is the remainder when q is divided by s?
21
Let a(i) = -i**2 + 14*i - 26. Calculate the remainder when 181 is divided by a(4).
13
Let y = -132 - -724. What is the remainder when y is divided by 66?
64
Let w = -863 + 996. What is the remainder when w is divided by 70?
63
What is the remainder when 207 is divided by 6 - (-8 + 24)*-4?
67
Let r(q) = -4*q + 64. Let u be r(0). What is the remainder when 53 is divided by u/6 - (-2)/(-3) - 2?
5
Let o(d) = -2*d**3 - 5*d**2 + d + 1. Suppose -4*t + 110810 = 110754. What is the remainder when o(-4) is divided by t?
3
Suppose 3*x + x = 236. Let s = -35 - -55. What is the remainder when x is divided by s?
19
Suppose 4*v + 153*d - 152*d - 229 = 0, d = -3*v + 172. Calculate the remainder when 91 is divided by v.
34
Suppose 3*c = 5*c - 10. Let y(t) = 3*t + 9. Let l be y(-2). Suppose -l*m + 29 = -13. What is the remainder when m is divided by c?
4
Suppose 2*x = -1 + 5, 2*x - 14 = -5*l. What is the remainder when 107*(l + 0)/2 is divided by ((30/(-8))/5)/(4/(-144))?
26
Suppose -29*q + 16936 + 4727 = 0. Calculate the remainder when q is divided by 34.
33
Let z(i) = 27*i - 541. Calculate the remainder when z(29) is divided by 35.
32
Let j(q) = q**3 + 10*q**2 - 14*q - 12. Suppose 2*i + u = -3*i + 17, 4 = 2*u. Suppose -i*d - 7 = -40. Calculate the remainder when j(-11) is divided by d.
10
Let d = -255 - -268. What is the remainder when 128 is divided by d?
11
Let p(c) = c**3 + 2*c**2 - c + 2. Suppose 14*y - 11*y - 4*r = 136, -2*r + 42 = y. Calculate the remainder when p(5) is divided by y.
40
Suppose -33*q - 1534 = -35*q + 3*k, 0 = k. Calculate the remainder when q is divided by 64.
63
Let b be (-4 - (-2 - 1)) + 3. What is the remainder when b/(-8) - 213/(-4) is divided by 15?
8
Let b be (-116)/290 - ((-3446)/(-10) + -1). What is the remainder when b/84*-15 - 12/28 is divided by 19?
4
Suppose 7516 = 35*n - 6344. Calculate the remainder when n is divided by 25.
21
Let h(n) = -n + 84. Suppose 0 = 3*b - 0*b - 5*m - 102, -m = 3*b - 84. What is the remainder when h(0) is divided by b?
26
Suppose m + 12 = 5*m. Suppose m*b = -1 + 13. Suppose 0 = -3*a - b*j + 75, a = -0*a - j + 24. Calculate the remainder when 62 is divided by a.
20
Suppose 14*k + 575 - 2759 = 0. Calculate the remainder when k is divided by 8.
4
Let t = -232 + 257. Calculate the remainder when 572 is divided by t.
22
Suppose -21 = -6*t + 3. Let x = t + 7. Calculate the remainder when 31 is divided by x.
9
Suppose 0 = k + 5*u - 48, 4*k - 345 = -k - 4*u. Let x = -12 + k. Calculate the remainder when x is divided by 16.
13
Suppose y + 2 - 1 = 0. Calculate the remainder when (0 - -1)/(y/(-34)) is divided by -33*(-4)/12 - (1 + 1).
7
Suppose 10*g = 12*g - 138. Calculate the remainder when g is divided by ((-84)/(-20))/((-28)/(-120)).
15
Let y(k) = 2*k**2 + 6*k + 2. Suppose s - 5*s = -16. Calculate the remainder when (54/(-4) + 0)/((-3)/s) is divided by y(-4).
8
Let z(i) = i**2 - 10*i + 18. Calculate the remainder when 83 is divided by z(0).
11
Calculate the remainder when 27 is divided by (-2)/(54/(-126) + (-2)/(-70)).
2
Let o = -18 + 28. Let d = -9 + o. Calculate the remainder when 2 is divided by d.
0
Suppose -x = 2*x - 2*n - 855, 2*x - 580 = -2*n. Calculate the remainder when x is divided by 72.
71
Calculate the remainder when 9 is divided by (-2)/4*(-7)/7*14.
2
Suppose -3*j - 2*j + 35 = 0. Let c be 16*(0 - -2)/8. Calculate the remainder when 1*(3 + -1*(c + -27)) is divided by j.
5
Let f(w) = w**2 - 17*w + 18. Let k be f(-11). Suppose -k = 2*r - 4*r. Calculate the remainder when r is divided by 33.
31
Let a = 744 - 718. What is the remainder when a is divided by 20?
6
Let g = -7 + 10. Suppose -3*a + 2*k = -8 - 16, -3*k = 2*a - g. Calculate the remainder when 45 is divided by a.
3
Suppose 5*p - 2*l = -0*l + 71, 3*l = 6. Suppose -3*x + 5*r = -85, -x + 42 = -3*r + p. Calculate the remainder when x is divided by 18.
12
Let q(m) = m**2 + 9. What is the remainder when q(-7) is divided by 21 + 2*(-4)/8?
18
Suppose 0 = -4*b + 5*l + 17, 2*b + 0 = -2*l + 4. Suppose -u - b*u + 16 = 0. What is the remainder when 12 - (-1)/(1 + 0) is divided by u?
1
Let u be 1*44/(-1 - -3). Let h = u + 6. Calculate the remainder when 83 is divided by h.
27
Suppose -4*k + 39 = 6*h - 3*h, 4*h - 2*k - 74 = 0. Calculate the remainder when 300 is divided by h.
11
Suppose 96 + 19 = 5*h. Let f(j) = -j**3 - 7*j**2 - 6*j + 2. Calculate the remainder when f(-8) is divided by h.
22
Suppose 2*o - 511 = -3*d + 216, 0 = -2*d - 7*o + 513. What is the remainder when d is divided by 43?
24
Let o = -33 - -103. Suppose -3*a + 8*a = -o. What is the remainder when 53 is divided by 7/a*8*-7?
25
Let d = -438 - -443. Let q(b) = -b**3 + 6*b**2 - b + 3. Let o be q(4). Let m = o - d. What is the remainder when m is divided by 7?
5
Let d be (-6)/(-21) + 4308/14. Let r = 457 - 672. Let k = d + r. What is the remainder when k is divided by 32?
29
Let y(r) = -r**3 + 2*r**2 - r + 46. What is the remainder when 597 is divided by y(0)?
45
Let v = 23 - 13. Suppose -5*m = 4*d - 11, 5*m - v - 6 = d. Suppose -3*y - q = -56, 4*y + m*q - 27 - 56 = 0. Calculate the remainder when 33 is divided by y.
16
What is the remainder when ((-84)/70)/((-3)/145) is divided by 12?
10
Suppose 76 = c + 3*c. Let r be (-111)/12 + 6/(-8). Let l = r + 66. What is the remainder when l is divided by c?
18
Let y = -626 + 1319. What is the remainder when y is divided by 14?
7
Let o = 102 + -83. Suppose 0*j - 5*j = -215. Let x = j - o. Calculate the remainder when x is divided by 13.
11
Let h = -516 + 531. What is the remainder when 92 is divided by h?
2
Let p(v) = -42*v - 450. Let h(c) = c**3 + 6*c**2 + 3*c + 2. What is the remainder when h(-4) is divided by p(-11)?
10
Let k(i) = -54*i + 177. Calculate the remainder when 117 is divided by k(3).
12
Let c = 1 - -2. Let j be ((